(4)?
1
Let m(q) = 0*q + q - 9 - 3*q - q. Let j be m(-7). Suppose -f = f - j. What is the units digit of f?
6
Let t(y) = -2*y + 3. Let g be t(6). Let n = -4 - g. Suppose -8*s + n*s + 90 = 0. What is the units digit of s?
0
Suppose -n - 3 = -2*n. Let t be (-5 + n)/(-1 + 0). Suppose -t*g + 0*g + 28 = h, -2*h = g - 59. What is the tens digit of h?
3
Let k(u) = -u**2 + 46*u + 79. What is the hundreds digit of k(21)?
6
What is the hundreds digit of 9 + -6 - (-314 + (-30)/6)?
3
Let u(d) = 4*d**2 - 10*d - 43. What is the tens digit of u(14)?
0
Let b = 2 - -11. What is the units digit of b/(-2*(1 - (-6)/(-4)))?
3
Let v(d) = -d**3 + 9*d**2 - 9*d + 8. Suppose 2*q = q + 7. Let x be v(q). Suppose -5*h + 27 = -x. What is the units digit of h?
4
Suppose 1324 = 5*z - 906. Suppose -100 = -14*f + z. What is the tens digit of f?
3
Let g(p) = -4 + 0 + 2*p**2 + 4*p - p**3 + 0*p**2 - 1. Let v be g(2). Suppose 0*l - v*l = -84. What is the units digit of l?
8
Suppose 3*c - b = -2*c + 10, 8 = 4*c - 5*b. What is the tens digit of (-36)/54*(-189)/c?
6
Let f(w) = -w**2 - 13*w - 15. Let o be f(-11). Let l = o - -223. What is the tens digit of l?
3
Let b be 207/15 + 4/20. Suppose -b*g - 135 = -19*g. What is the units digit of g?
7
Let m(k) = k**3 + 6*k**2 - 2*k - 2. Let h be 82/(-6) + (-2)/6. Let a = 8 + h. What is the tens digit of m(a)?
1
Suppose -4*i - 64 = -2*i + 5*c, 0 = 4*i + 5*c + 118. Let p = 63 + i. What is the tens digit of p?
3
Suppose -2*t - 2*a = -868, 0 = 2*t - 0*a - 2*a - 860. What is the tens digit of t?
3
Let y(f) = f**3 + 15*f**2 - 2*f + 14. Let b = -3 - 12. Let z be y(b). Suppose 5*o = o + z. What is the tens digit of o?
1
Let c = 535 - 124. What is the hundreds digit of c?
4
Let w be (-2171)/52 - (0 - (-1)/4). Let j = w + 75. What is the tens digit of j?
3
Let i(g) be the second derivative of -3*g**4/8 + 2*g**3 + 7*g**2/2 + 3*g. Let o(v) be the first derivative of i(v). What is the tens digit of o(-6)?
6
What is the units digit of ((-37352)/174)/(1/(-3))?
4
Suppose r + 2 = -1. Let h be 30/(-9) - 1/r. Let b(q) = -8*q - 1. What is the units digit of b(h)?
3
Suppose -7*y = -2*y - h - 554, -3*y + 329 = -4*h. Let q = -30 + y. What is the units digit of q?
1
Suppose -2*u + c + 3*c = -1694, 12 = 4*c. What is the hundreds digit of u?
8
Suppose -7*z = -9 + 2. Let r be z/1*-3 + 94. Suppose 3*i - r = 68. What is the tens digit of i?
5
Suppose 3*g = 4*u + 1701, -2*g - 5*u + 1674 = g. What is the units digit of g?
3
Suppose 0 = -33*x + 37*x - 596. What is the hundreds digit of x?
1
Suppose -4321 - 24839 = -40*h. What is the tens digit of h?
2
What is the thousands digit of 3/(-4) - (-61112)/32 - -4?
1
Suppose y + 3*w + 42 = 0, 4*w + 8 + 35 = -y. Let o = y + 95. What is the units digit of o?
6
Suppose p - 352 = -4*q, 2*q - 67 = -p + 283. What is the units digit of p?
8
Let m = 9829 - 5868. What is the units digit of m?
1
Suppose 397 = 3*p - 1121. What is the tens digit of p?
0
Let t(l) = -3*l + 9. Let h be t(7). Let u(g) be the first derivative of -g**2/2 + 5*g - 3. What is the units digit of u(h)?
7
Let q(d) = -11*d. Let x be q(6). Let m = -45 - x. Let c = m - 10. What is the units digit of c?
1
Suppose 3*m - 4*v - 5552 = 0, 4*m + 2*v + 3*v - 7351 = 0. What is the tens digit of m?
4
What is the tens digit of 555/9 - ((-7)/3 - -3)?
6
Let p(a) = -3*a**3 - 26*a**2 - 13*a + 22. Let k(h) = 5*h**3 + 39*h**2 + 20*h - 33. Let i(x) = -5*k(x) - 8*p(x). What is the tens digit of i(13)?
4
Let g be 13/(-2)*(-12 - -6). Let u = g + 6. What is the tens digit of u?
4
Let y = 76 - 50. Suppose -3*g = -184 - y. What is the units digit of g?
0
Let u(m) = -3*m**3 - 13*m**2 + 10*m - 20. Let x(r) = -10*r**3 - 39*r**2 + 29*r - 61. Let i(s) = 7*u(s) - 2*x(s). What is the units digit of i(-14)?
0
Let i = -8 - -4. Let l(f) = -55*f - 13. What is the units digit of l(i)?
7
Suppose -17 = 2*l - 197. Let z = 315 - l. What is the tens digit of z?
2
Let w = -67 - -52. What is the tens digit of (-8)/(-12) + (-170)/w?
1
Suppose -6 = 2*v, 3*p - 213 = p - 5*v. Let c be (-12)/(-42) - (-1)/(14/38). Suppose -j + c*j + 204 = 4*m, 2*m - p = -5*j. What is the tens digit of m?
5
Let s be 2*2 - (-12 + 11). Suppose -s*c + 80 = 4*r, -2*r = -0*r - 3*c - 62. Suppose 0 = m + d + 2*d - r, -3*m = -2*d - 20. What is the units digit of m?
0
Suppose -3*n = 5*n - 56. Let c(g) = 21*g + 23. What is the hundreds digit of c(n)?
1
Let n(d) be the first derivative of -d**3/3 - 17*d**2/2 - 11*d - 2. Suppose -80 = 4*y + y. What is the units digit of n(y)?
5
Let l = -54 - -40. Let d(s) = -5*s + 24. What is the tens digit of d(l)?
9
Suppose 0 = -x - 1 - 1, 5*x = -3*w + 6659. What is the hundreds digit of w?
2
Let c = -1011 + 1608. What is the tens digit of c?
9
Let d(j) = 4*j**3 - 2*j**2 + 2*j - 1. Let u be d(1). Suppose 0 = -4*i + u*w + 64, 48 = -4*i + 7*i - w. Suppose 0 = 3*c - 29 - i. What is the units digit of c?
5
Let f be (-24 - -20)/(2/4). What is the tens digit of (-3154)/(-12) - f/48?
6
Let m(i) = -i**3 - i + 33. Let o = 36 + -36. What is the tens digit of m(o)?
3
Suppose -4*z + 17 = y - z, 3*z = 12. What is the units digit of y?
5
Let o = 121 - -89. Let p = -142 + o. What is the units digit of p?
8
Let k = -150 + 216. Let w = 120 - k. What is the tens digit of w?
5
What is the thousands digit of 508*(-13)/(-26)*18/4?
1
Suppose 64*g - 57*g = 8379. What is the hundreds digit of g?
1
Suppose 8*h + 0*h = 3752. Suppose -1 = -5*m + h. What is the tens digit of m?
9
Let w(a) = -a**2 - 4*a + 3. Let l be w(-4). Suppose -l*k + 8*k + m = 32, 0 = -3*k - 4*m + 26. What is the units digit of k?
6
Suppose -833 = -2*p - 5*z, 3*p - 2*z - 2039 = -2*p. What is the tens digit of p?
0
Let s(b) = 2*b**2 + 9*b - 1. Let f be s(-5). Suppose 0 = f*m - w - 527, -5*m - 4*w + 397 = -288. What is the hundreds digit of m?
1
Let p = -7 - -11. Suppose 2*z = p + 4. What is the units digit of z?
4
Suppose -5*n - 262 = -7*n. What is the units digit of n?
1
Suppose z - 2*z = -4*f + 1439, 5*f = z + 1798. What is the hundreds digit of f?
3
Suppose t = -2, -3*l + 3*t - 452 + 1358 = 0. What is the hundreds digit of l?
3
What is the thousands digit of 1290 + 87 + (0 - 0)?
1
Suppose -35*d + 31*d + 548 = 0. Suppose b = 2*b - d. What is the units digit of b?
7
Let c be 1 - (-1)/((-4)/(-16)). Suppose -c*t = -179 - 1. What is the tens digit of t?
3
Let b = 2632 + -1280. Suppose -2*n - 3*i = n - 1041, -4*n + b = -5*i. What is the hundreds digit of n?
3
Let p(u) = 5*u - 31. What is the tens digit of p(11)?
2
Suppose 0 = -11*z + 6*z + 1305. What is the hundreds digit of z?
2
Suppose 3 = -4*w + w. Let f be w + 4*3/2. Suppose -2*g + 15 + f = 0. What is the units digit of g?
0
Suppose -3*j + 7*x - 3*x + 298 = 0, 0 = 4*j - 5*x - 396. What is the units digit of j?
4
Let n(d) = d + 42. Let x be (-10)/45 + (-384)/(-27). What is the tens digit of n(x)?
5
Suppose 0*d + 3*d = 0. Let y = 27 + d. Let c = -1 + y. What is the units digit of c?
6
Let w(r) be the third derivative of r**6/60 + r**5/30 + r**4/8 - r**3/2 - 16*r**2. What is the units digit of w(2)?
7
Suppose 656 = 3*g - 685. What is the units digit of g?
7
Let x = -80 - -108. What is the tens digit of (1 + -3 - x)/(-1)?
3
Let i(p) = -p**3 + 42*p**2 - 197*p + 45. What is the units digit of i(36)?
9
Let g = 6438 + -3343. What is the units digit of g?
5
Suppose -3*w = y + 6 - 18, 0 = w - y - 4. Let r = w - 3. Let z(c) = 22*c**3 - c**2 + c - 1. What is the units digit of z(r)?
1
Suppose 0 = -5*y + 2*y + 6. Suppose 168 = 3*u - u + y*i, u - 68 = 3*i. What is the tens digit of u?
8
Suppose -4*m + 28 = 4*x, 3*m = -x - 5 + 22. Suppose 2*u - m = 23. What is the units digit of u?
4
Suppose 315 = t + 2*r - 354, 5*t - 2*r - 3405 = 0. What is the hundreds digit of t?
6
Suppose -1090 - 569 = -7*p. What is the hundreds digit of p?
2
Suppose 2*z - v - 5286 = 0, -4*v - 7509 = -3*z + 410. What is the thousands digit of z?
2
Let a(j) = -j**2 + 7*j - 7. Let g be a(4). Let x = 46 + g. What is the units digit of x?
1
Let t = 189 - 90. Let f = t - 12. Suppose -37 = -4*p + f. What is the units digit of p?
1
Let m = 52 + -50. Suppose 3*w + r - 869 = 0, 0 = -m*r + 5*r - 15. What is the tens digit of w?
8
Let t(g) be the first derivative of 3 - g**3 - g**2 + 1/4*g**4 + 6*g. What is the units digit of t(4)?
4
Let g be (-2)/(-7) - 24/(-14). Suppose 